{"id":34,"date":"2015-01-04T09:24:54","date_gmt":"2015-01-04T08:24:54","guid":{"rendered":"http:\/\/mariabofill.com\/es\/?page_id=34"},"modified":"2015-01-05T11:14:23","modified_gmt":"2015-01-05T10:14:23","slug":"curriculum-vitae","status":"publish","type":"page","link":"http:\/\/fins2015.mariabofill.com\/es\/curriculum-vitae\/","title":{"rendered":"Curriculum Vitae"},"content":{"rendered":"<p>MARIA BOFILL<\/p>\n<p>&nbsp;<\/p>\n<p>Nace el 6 de mayo de 1937<\/p>\n<p>&nbsp;<\/p>\n<p>Estudios<\/p>\n<p>&nbsp;<\/p>\n<p>1953 \u2013 1960 Escuela Massana de Barcelona; 1962 Hammersmith College of Art and Building, Londres; 1967 Sunderland Polytechnic of Art and Design, Sunderland, Inglaterra; 1970 Kyoto City University of Arts, Jap\u00f3n.<\/p>\n<p>&nbsp;<\/p>\n<p>1981 Miembro de la Acad\u00e9mia Internacional de Cer\u00e1mica, Ginebra.<\/p>\n<p>&nbsp;<\/p>\n<p>Actividades profesionales<\/p>\n<p>&nbsp;<\/p>\n<p>1965 \u2013 2002 Profesora de Cer\u00e1mica, Escuela Massana, Barcelona. 1976 \u2013 1977 Profesora invitada, Facultad de Artes Pl\u00e1sticas, Universidad Veracruzana, Xalapa, M\u00e9xico; 1979 Profesora invitada, spirng course, Hartwich College, Oneonta, NY; 1992 Profesora invitada, summer course, Haifa University, Israel<\/p>\n<p>&nbsp;<\/p>\n<p>Ceramista invitada<\/p>\n<p>&nbsp;<\/p>\n<p>1980 International Ceramic Symposium, Bechy\u00f1e, Rp. Checa.<\/p>\n<p>1989 2\u00aa Triennale Internationale de la Porcelaine, Nyon, Suiza<\/p>\n<p>1994 European Ceramics Work Centre, S\u2019Hertogenbosch. 1997 Atelier de C\u00e9ramique Artistique M\u00e9diterran\u00e9enne, Hamamet, Tunez; Seminario de Estudios de Sargadelos, Lugo. 1998 International Ceramic Simposium Siklos, Hungria.<\/p>\n<p>&nbsp;<\/p>\n<p>Exposiciones individuales y colectivas<\/p>\n<p>&nbsp;<\/p>\n<p>Desde 1962 en distintos lugares de Espa\u00f1a (Barcelona, Girona, Tarragona, Madrid, Valencia, Sevilla, Las Palmas, Zaragoza, Logro\u00f1o, etc\u2026) y del extranjero (Francia, Jap\u00f3n, Belgica, Corea,<\/p>\n<p>Estados Unidos, Italia, Portugal, M\u00e9xico, Hungria, R. Checa,Suiza etc\u2026)<\/p>\n<p>&nbsp;<\/p>\n<p>Becas<\/p>\n<p>&nbsp;<\/p>\n<p>1966 Diputaci\u00f3n de Barcelona, ampliaci\u00f3n de estudios en Inglaterra<\/p>\n<p>1969 Beca extraordinaria de la Dotaci\u00f3n de Arte Castellblac. para estudiar en Kyoto City University, Jap\u00f3n; 1982 Generalitat de Catalunya, beca de investigaci\u00f3n; 1988, Beca de investigaci\u00f3n sobre la cer\u00e1mica japonesa, Generalitat de Catalunya.<\/p>\n<p>&nbsp;<\/p>\n<p>Obras en diversas colecciones p\u00fablicas y privadas as\u00ed como en Museos Nacionales e Internacionales<\/p>\n<p>&nbsp;<\/p>\n<p>Desde 1980 toda su obra es realizada en porcelana.<\/p>\n","protected":false},"excerpt":{"rendered":"<p>MARIA BOFILL &nbsp; Nace el 6 de mayo de 1937 &nbsp; Estudios &nbsp; 1953 \u2013 1960 Escuela Massana de Barcelona; 1962 Hammersmith College of Art and Building, Londres; 1967 Sunderland Polytechnic of Art and Design, Sunderland, Inglaterra; 1970 Kyoto City<\/p>\n","protected":false},"author":1,"featured_media":0,"parent":0,"menu_order":0,"comment_status":"closed","ping_status":"open","template":"","meta":{"footnotes":""},"class_list":["post-34","page","type-page","status-publish","hentry"],"yoast_head":"<!-- This site is optimized with the Yoast SEO plugin v27.5 - https:\/\/yoast.com\/product\/yoast-seo-wordpress\/ -->\n<title>Maria Bofill - Curriculum Vitae - Exposiciones y Invitaciones<\/title>\n<meta name=\"description\" content=\"Una versi\u00f3n corta de Curriculum Vitae de Mar\u00eda que muestra s\u00f3lo los eventos importantes en su carrera. cumplea\u00f1os, estudios y exposiciones.\" \/>\n<meta name=\"robots\" content=\"index, follow, max-snippet:-1, max-image-preview:large, max-video-preview:-1\" \/>\n<link rel=\"canonical\" href=\"http:\/\/fins2015.mariabofill.com\/es\/curriculum-vitae\/\" \/>\n<meta property=\"og:locale\" content=\"es_ES\" \/>\n<meta property=\"og:type\" content=\"article\" \/>\n<meta property=\"og:title\" content=\"Maria Bofill - Curriculum Vitae - Exposiciones y Invitaciones\" \/>\n<meta property=\"og:description\" content=\"Una versi\u00f3n corta de Curriculum Vitae de Mar\u00eda que muestra s\u00f3lo los eventos importantes en su carrera. cumplea\u00f1os, estudios y exposiciones.\" \/>\n<meta property=\"og:url\" content=\"http:\/\/fins2015.mariabofill.com\/es\/curriculum-vitae\/\" \/>\n<meta property=\"og:site_name\" content=\"maria bofill\" \/>\n<meta property=\"article:modified_time\" content=\"2015-01-05T10:14:23+00:00\" \/>\n<meta name=\"twitter:label1\" content=\"Tiempo de lectura\" \/>\n\t<meta name=\"twitter:data1\" content=\"1 minuto\" \/>\n<script type=\"application\/ld+json\" class=\"yoast-schema-graph\">{\"@context\":\"https:\\\/\\\/schema.org\",\"@graph\":[{\"@type\":\"WebPage\",\"@id\":\"http:\\\/\\\/fins2015.mariabofill.com\\\/es\\\/curriculum-vitae\\\/\",\"url\":\"http:\\\/\\\/fins2015.mariabofill.com\\\/es\\\/curriculum-vitae\\\/\",\"name\":\"Maria Bofill - Curriculum Vitae - Exposiciones y Invitaciones\",\"isPartOf\":{\"@id\":\"http:\\\/\\\/fins2015.mariabofill.com\\\/es\\\/#website\"},\"datePublished\":\"2015-01-04T08:24:54+00:00\",\"dateModified\":\"2015-01-05T10:14:23+00:00\",\"description\":\"Una versi\u00f3n corta de Curriculum Vitae de Mar\u00eda que muestra s\u00f3lo los eventos importantes en su carrera. cumplea\u00f1os, estudios y exposiciones.\",\"breadcrumb\":{\"@id\":\"http:\\\/\\\/fins2015.mariabofill.com\\\/es\\\/curriculum-vitae\\\/#breadcrumb\"},\"inLanguage\":\"es\",\"potentialAction\":[{\"@type\":\"ReadAction\",\"target\":[\"http:\\\/\\\/fins2015.mariabofill.com\\\/es\\\/curriculum-vitae\\\/\"]}]},{\"@type\":\"BreadcrumbList\",\"@id\":\"http:\\\/\\\/fins2015.mariabofill.com\\\/es\\\/curriculum-vitae\\\/#breadcrumb\",\"itemListElement\":[{\"@type\":\"ListItem\",\"position\":1,\"name\":\"Home\",\"item\":\"http:\\\/\\\/fins2015.mariabofill.com\\\/es\\\/\"},{\"@type\":\"ListItem\",\"position\":2,\"name\":\"Curriculum Vitae\"}]},{\"@type\":\"WebSite\",\"@id\":\"http:\\\/\\\/fins2015.mariabofill.com\\\/es\\\/#website\",\"url\":\"http:\\\/\\\/fins2015.mariabofill.com\\\/es\\\/\",\"name\":\"maria bofill\",\"description\":\"Ceramista y Artista\",\"potentialAction\":[{\"@type\":\"SearchAction\",\"target\":{\"@type\":\"EntryPoint\",\"urlTemplate\":\"http:\\\/\\\/fins2015.mariabofill.com\\\/es\\\/?s={search_term_string}\"},\"query-input\":{\"@type\":\"PropertyValueSpecification\",\"valueRequired\":true,\"valueName\":\"search_term_string\"}}],\"inLanguage\":\"es\"}]}<\/script>\n<!-- \/ Yoast SEO plugin. -->","yoast_head_json":{"title":"Maria Bofill - Curriculum Vitae - Exposiciones y Invitaciones","description":"Una versi\u00f3n corta de Curriculum Vitae de Mar\u00eda que muestra s\u00f3lo los eventos importantes en su carrera. cumplea\u00f1os, estudios y exposiciones.","robots":{"index":"index","follow":"follow","max-snippet":"max-snippet:-1","max-image-preview":"max-image-preview:large","max-video-preview":"max-video-preview:-1"},"canonical":"http:\/\/fins2015.mariabofill.com\/es\/curriculum-vitae\/","og_locale":"es_ES","og_type":"article","og_title":"Maria Bofill - Curriculum Vitae - Exposiciones y Invitaciones","og_description":"Una versi\u00f3n corta de Curriculum Vitae de Mar\u00eda que muestra s\u00f3lo los eventos importantes en su carrera. cumplea\u00f1os, estudios y exposiciones.","og_url":"http:\/\/fins2015.mariabofill.com\/es\/curriculum-vitae\/","og_site_name":"maria bofill","article_modified_time":"2015-01-05T10:14:23+00:00","twitter_misc":{"Tiempo de lectura":"1 minuto"},"schema":{"@context":"https:\/\/schema.org","@graph":[{"@type":"WebPage","@id":"http:\/\/fins2015.mariabofill.com\/es\/curriculum-vitae\/","url":"http:\/\/fins2015.mariabofill.com\/es\/curriculum-vitae\/","name":"Maria Bofill - Curriculum Vitae - Exposiciones y Invitaciones","isPartOf":{"@id":"http:\/\/fins2015.mariabofill.com\/es\/#website"},"datePublished":"2015-01-04T08:24:54+00:00","dateModified":"2015-01-05T10:14:23+00:00","description":"Una versi\u00f3n corta de Curriculum Vitae de Mar\u00eda que muestra s\u00f3lo los eventos importantes en su carrera. cumplea\u00f1os, estudios y exposiciones.","breadcrumb":{"@id":"http:\/\/fins2015.mariabofill.com\/es\/curriculum-vitae\/#breadcrumb"},"inLanguage":"es","potentialAction":[{"@type":"ReadAction","target":["http:\/\/fins2015.mariabofill.com\/es\/curriculum-vitae\/"]}]},{"@type":"BreadcrumbList","@id":"http:\/\/fins2015.mariabofill.com\/es\/curriculum-vitae\/#breadcrumb","itemListElement":[{"@type":"ListItem","position":1,"name":"Home","item":"http:\/\/fins2015.mariabofill.com\/es\/"},{"@type":"ListItem","position":2,"name":"Curriculum Vitae"}]},{"@type":"WebSite","@id":"http:\/\/fins2015.mariabofill.com\/es\/#website","url":"http:\/\/fins2015.mariabofill.com\/es\/","name":"maria bofill","description":"Ceramista y Artista","potentialAction":[{"@type":"SearchAction","target":{"@type":"EntryPoint","urlTemplate":"http:\/\/fins2015.mariabofill.com\/es\/?s={search_term_string}"},"query-input":{"@type":"PropertyValueSpecification","valueRequired":true,"valueName":"search_term_string"}}],"inLanguage":"es"}]}},"_links":{"self":[{"href":"http:\/\/fins2015.mariabofill.com\/es\/wp-json\/wp\/v2\/pages\/34","targetHints":{"allow":["GET"]}}],"collection":[{"href":"http:\/\/fins2015.mariabofill.com\/es\/wp-json\/wp\/v2\/pages"}],"about":[{"href":"http:\/\/fins2015.mariabofill.com\/es\/wp-json\/wp\/v2\/types\/page"}],"author":[{"embeddable":true,"href":"http:\/\/fins2015.mariabofill.com\/es\/wp-json\/wp\/v2\/users\/1"}],"replies":[{"embeddable":true,"href":"http:\/\/fins2015.mariabofill.com\/es\/wp-json\/wp\/v2\/comments?post=34"}],"version-history":[{"count":3,"href":"http:\/\/fins2015.mariabofill.com\/es\/wp-json\/wp\/v2\/pages\/34\/revisions"}],"predecessor-version":[{"id":37,"href":"http:\/\/fins2015.mariabofill.com\/es\/wp-json\/wp\/v2\/pages\/34\/revisions\/37"}],"wp:attachment":[{"href":"http:\/\/fins2015.mariabofill.com\/es\/wp-json\/wp\/v2\/media?parent=34"}],"curies":[{"name":"wp","href":"https:\/\/api.w.org\/{rel}","templated":true}]}}

<p>MARIA BOFILL</p>
<p>&nbsp;</p>
<p>Nace el 6 de mayo de 1937</p>
<p>&nbsp;</p>
<p>Estudios</p>
<p>&nbsp;</p>
<p>1953 – 1960 Escuela Massana de Barcelona; 1962 Hammersmith College of Art and Building, Londres; 1967 Sunderland Polytechnic of Art and Design, Sunderland, Inglaterra; 1970 Kyoto City University of Arts, Japón.</p>
<p>&nbsp;</p>
<p>1981 Miembro de la Académia Internacional de Cerámica, Ginebra.</p>
<p>&nbsp;</p>
<p>Actividades profesionales</p>
<p>&nbsp;</p>
<p>1965 – 2002 Profesora de Cerámica, Escuela Massana, Barcelona. 1976 – 1977 Profesora invitada, Facultad de Artes Plásticas, Universidad Veracruzana, Xalapa, México; 1979 Profesora invitada, spirng course, Hartwich College, Oneonta, NY; 1992 Profesora invitada, summer course, Haifa University, Israel</p>
<p>&nbsp;</p>
<p>Ceramista invitada</p>
<p>&nbsp;</p>
<p>1980 International Ceramic Symposium, Bechyñe, Rp. Checa.</p>
<p>1989 2ª Triennale Internationale de la Porcelaine, Nyon, Suiza</p>
<p>1994 European Ceramics Work Centre, S’Hertogenbosch. 1997 Atelier de Céramique Artistique Méditerranéenne, Hamamet, Tunez; Seminario de Estudios de Sargadelos, Lugo. 1998 International Ceramic Simposium Siklos, Hungria.</p>
<p>&nbsp;</p>
<p>Exposiciones individuales y colectivas</p>
<p>&nbsp;</p>
<p>Desde 1962 en distintos lugares de España (Barcelona, Girona, Tarragona, Madrid, Valencia, Sevilla, Las Palmas, Zaragoza, Logroño, etc…) y del extranjero (Francia, Japón, Belgica, Corea,</p>
<p>Estados Unidos, Italia, Portugal, México, Hungria, R. Checa,Suiza etc…)</p>
<p>&nbsp;</p>
<p>Becas</p>
<p>&nbsp;</p>
<p>1966 Diputación de Barcelona, ampliación de estudios en Inglaterra</p>
<p>1969 Beca extraordinaria de la Dotación de Arte Castellblac. para estudiar en Kyoto City University, Japón; 1982 Generalitat de Catalunya, beca de investigación; 1988, Beca de investigación sobre la cerámica japonesa, Generalitat de Catalunya.</p>
<p>&nbsp;</p>
<p>Obras en diversas colecciones públicas y privadas así como en Museos Nacionales e Internacionales</p>
<p>&nbsp;</p>
<p>Desde 1980 toda su obra es realizada en porcelana.</p>

<!-- This site is optimized with the Yoast SEO plugin v27.5 - https://yoast.com/product/yoast-seo-wordpress/ -->
<title>Maria Bofill - Curriculum Vitae - Exposiciones y Invitaciones</title>
<meta name="description" content="Una versión corta de Curriculum Vitae de María que muestra sólo los eventos importantes en su carrera. cumpleaños, estudios y exposiciones." />
<meta name="robots" content="index, follow, max-snippet:-1, max-image-preview:large, max-video-preview:-1" />
<link rel="canonical" href="http://fins2015.mariabofill.com/es/curriculum-vitae/" />
<meta property="og:locale" content="es_ES" />
<meta property="og:type" content="article" />
<meta property="og:title" content="Maria Bofill - Curriculum Vitae - Exposiciones y Invitaciones" />
<meta property="og:description" content="Una versión corta de Curriculum Vitae de María que muestra sólo los eventos importantes en su carrera. cumpleaños, estudios y exposiciones." />
<meta property="og:url" content="http://fins2015.mariabofill.com/es/curriculum-vitae/" />
<meta property="og:site_name" content="maria bofill" />
<meta property="article:modified_time" content="2015-01-05T10:14:23+00:00" />
<meta name="twitter:label1" content="Tiempo de lectura" />
	<meta name="twitter:data1" content="1 minuto" />
<script type="application/ld+json" class="yoast-schema-graph">{"@context":"https:\/\/schema.org","@graph":[{"@type":"WebPage","@id":"http:\/\/fins2015.mariabofill.com\/es\/curriculum-vitae\/","url":"http:\/\/fins2015.mariabofill.com\/es\/curriculum-vitae\/","name":"Maria Bofill - Curriculum Vitae - Exposiciones y Invitaciones","isPartOf":{"@id":"http:\/\/fins2015.mariabofill.com\/es\/#website"},"datePublished":"2015-01-04T08:24:54+00:00","dateModified":"2015-01-05T10:14:23+00:00","description":"Una versión corta de Curriculum Vitae de María que muestra sólo los eventos importantes en su carrera. cumpleaños, estudios y exposiciones.","breadcrumb":{"@id":"http:\/\/fins2015.mariabofill.com\/es\/curriculum-vitae\/#breadcrumb"},"inLanguage":"es","potentialAction":[{"@type":"ReadAction","target":["http:\/\/fins2015.mariabofill.com\/es\/curriculum-vitae\/"]}]},{"@type":"BreadcrumbList","@id":"http:\/\/fins2015.mariabofill.com\/es\/curriculum-vitae\/#breadcrumb","itemListElement":[{"@type":"ListItem","position":1,"name":"Home","item":"http:\/\/fins2015.mariabofill.com\/es\/"},{"@type":"ListItem","position":2,"name":"Curriculum Vitae"}]},{"@type":"WebSite","@id":"http:\/\/fins2015.mariabofill.com\/es\/#website","url":"http:\/\/fins2015.mariabofill.com\/es\/","name":"maria bofill","description":"Ceramista y Artista","potentialAction":[{"@type":"SearchAction","target":{"@type":"EntryPoint","urlTemplate":"http:\/\/fins2015.mariabofill.com\/es\/?s={search_term_string}"},"query-input":{"@type":"PropertyValueSpecification","valueRequired":true,"valueName":"search_term_string"}}],"inLanguage":"es"}]}</script>
<!-- / Yoast SEO plugin. -->

Una versión corta de Curriculum Vitae de María que muestra sólo los eventos importantes en su carrera. cumpleaños, estudios y exposiciones.
