{"id":32,"date":"2015-01-03T09:30:48","date_gmt":"2015-01-03T08:30:48","guid":{"rendered":"http:\/\/mariabofill.com\/ca\/?page_id=32"},"modified":"2015-01-05T11:12:36","modified_gmt":"2015-01-05T10:12:36","slug":"curriculum-vitae","status":"publish","type":"page","link":"http:\/\/fins2015.mariabofill.com\/ca\/curriculum-vitae\/","title":{"rendered":"Curr\u00edculum Vitae"},"content":{"rendered":"<p>MARIA BOFILL<\/p>\n<p>&nbsp;<\/p>\n<p>Va n\u00e9ixer 6 maig 1937<\/p>\n<p>&nbsp;<\/p>\n<p>Estudis<\/p>\n<p>&nbsp;<\/p>\n<p>1953 &#8211; 1960 Escola Massana, Barcelona, 1962 Hammersmith College of Art and Building,Londres, 1967Sunderland Polytechnic of Art and Design, Sunderland, Regne Unit; Kyoto City University of Arts, Jap\u00f3;<\/p>\n<p>&nbsp;<\/p>\n<p>1981 Membre de l&#8217;Acad\u00e8mia Internacional de la Cer\u00e0mica, Ginebra.<\/p>\n<p>&nbsp;<\/p>\n<p>Activitats Professionals<\/p>\n<p>&nbsp;<\/p>\n<p>1965 &#8211; 2002 Professora de cer\u00e0mica a l&#8217;Escola Massana, Barcelona, 1976 &#8211; 1977 Professora convidat de cer\u00e0mica a la\u00a0Facultad de Artes Pl\u00e1sticas, Universidad Veracruzana, Xalapa, M\u00e9xico;1979 Professor visitant,spirng course, Hartwich College, Oneonta, NY;1992Profesora invitada, summer course, Haifa University, Israel.<\/p>\n<p>&nbsp;<\/p>\n<p>Convidada Ceramista<\/p>\n<p>&nbsp;<\/p>\n<p>1980 International Ceramic Symposium, Bechy\u00f1e, Rp. Checa.<\/p>\n<p>1989 2 \u00aa Triennal de la Porcelaine, Nyon, Su\u00efssa,<\/p>\n<p>1994<span>European<\/span>Ceramic WorkCentre Hertogenbosch, Pa\u00efsos Baixos,<\/p>\n<p>1997 AtelierC\u00e9ramique de Artistique M\u00e9diterran\u00e9enne, Hamamet, Tun\u00edsia,<\/p>\n<p>Seminario de Estudios de Sargadelos, Lugo,International Ceramic Simposium Siklos, Hungria.<\/p>\n<p>&nbsp;<\/p>\n<p>Exposicions individuals i col \u00b7 lectives<\/p>\n<p>&nbsp;<\/p>\n<p>Des de 1962 a Espanya (Barcelona, Tarragona, Girona, Madrid, Val\u00e8ncia, Sevilla, Las Palmas, Saragossa, Logronyo, etc &#8230;) i internacionals (Fran\u00e7a, Jap\u00f3, B\u00e8lgica, Corea, EUA, It\u00e0lia, Portugal, M\u00e8xic, Su\u00efssa, Alemanya, etc &#8230;)<\/p>\n<p>&nbsp;<\/p>\n<p>Beques<\/p>\n<p>&nbsp;<\/p>\n<p>1966 Beca de la Diputaci\u00f3 de Barcelona, estudis a Anglaterra, 1969<\/p>\n<p>Beques d&#8217;Art de Dotaci\u00f3 d&#8217;Art Castellblanc per la Universitat de Belles Arts, Kyoto, Jap\u00f3,<\/p>\n<p>1982 Beca de recerca de la Generalitat de Catalunya, 1987 Beca de viatge al Jap\u00f3 Generalitat de Catalunya.<\/p>\n<p>&nbsp;<\/p>\n<p>Les seves obres es troben en col \u00b7 leccions privades i museus nacionals com internacionals.<\/p>\n<p>&nbsp;<\/p>\n<p>Des de 1980 en qu\u00e8 s&#8217;ha especialitzat en porcellana.<\/p>\n","protected":false},"excerpt":{"rendered":"<p>MARIA BOFILL &nbsp; Va n\u00e9ixer 6 maig 1937 &nbsp; Estudis &nbsp; 1953 &#8211; 1960 Escola Massana, Barcelona, 1962 Hammersmith College of Art and Building,Londres, 1967Sunderland Polytechnic of Art and Design, Sunderland, Regne Unit; Kyoto City University of Arts, Jap\u00f3; &nbsp;<\/p>\n","protected":false},"author":1,"featured_media":0,"parent":0,"menu_order":0,"comment_status":"closed","ping_status":"open","template":"","meta":{"footnotes":""},"class_list":["post-32","page","type-page","status-publish","hentry"],"yoast_head":"<!-- This site is optimized with the Yoast SEO plugin v27.5 - https:\/\/yoast.com\/product\/yoast-seo-wordpress\/ -->\n<title>Maria Bofill - Curr\u00edculum Vitae - Exposicions i Invitacions<\/title>\n<meta name=\"description\" content=\"Una versi\u00f3 curta de Curr\u00edculum Vitae de Maria que mostra nom\u00e9s els esdeveniments importants en la seva carrera. aniversari, estudis i exposicions.\" \/>\n<meta name=\"robots\" content=\"index, follow, max-snippet:-1, max-image-preview:large, max-video-preview:-1\" \/>\n<link rel=\"canonical\" href=\"http:\/\/fins2015.mariabofill.com\/ca\/curriculum-vitae\/\" \/>\n<meta property=\"og:locale\" content=\"ca_ES\" \/>\n<meta property=\"og:type\" content=\"article\" \/>\n<meta property=\"og:title\" content=\"Maria Bofill - Curr\u00edculum Vitae - Exposicions i Invitacions\" \/>\n<meta property=\"og:description\" content=\"Una versi\u00f3 curta de Curr\u00edculum Vitae de Maria que mostra nom\u00e9s els esdeveniments importants en la seva carrera. aniversari, estudis i exposicions.\" \/>\n<meta property=\"og:url\" content=\"http:\/\/fins2015.mariabofill.com\/ca\/curriculum-vitae\/\" \/>\n<meta property=\"og:site_name\" content=\"maria bofill\" \/>\n<meta property=\"article:modified_time\" content=\"2015-01-05T10:12:36+00:00\" \/>\n<meta name=\"twitter:label1\" content=\"Est. reading time\" \/>\n\t<meta name=\"twitter:data1\" content=\"1 minute\" \/>\n<script type=\"application\/ld+json\" class=\"yoast-schema-graph\">{\"@context\":\"https:\\\/\\\/schema.org\",\"@graph\":[{\"@type\":\"WebPage\",\"@id\":\"http:\\\/\\\/fins2015.mariabofill.com\\\/ca\\\/curriculum-vitae\\\/\",\"url\":\"http:\\\/\\\/fins2015.mariabofill.com\\\/ca\\\/curriculum-vitae\\\/\",\"name\":\"Maria Bofill - Curr\u00edculum Vitae - Exposicions i Invitacions\",\"isPartOf\":{\"@id\":\"http:\\\/\\\/fins2015.mariabofill.com\\\/ca\\\/#website\"},\"datePublished\":\"2015-01-03T08:30:48+00:00\",\"dateModified\":\"2015-01-05T10:12:36+00:00\",\"description\":\"Una versi\u00f3 curta de Curr\u00edculum Vitae de Maria que mostra nom\u00e9s els esdeveniments importants en la seva carrera. aniversari, estudis i exposicions.\",\"breadcrumb\":{\"@id\":\"http:\\\/\\\/fins2015.mariabofill.com\\\/ca\\\/curriculum-vitae\\\/#breadcrumb\"},\"inLanguage\":\"ca-ES\",\"potentialAction\":[{\"@type\":\"ReadAction\",\"target\":[\"http:\\\/\\\/fins2015.mariabofill.com\\\/ca\\\/curriculum-vitae\\\/\"]}]},{\"@type\":\"BreadcrumbList\",\"@id\":\"http:\\\/\\\/fins2015.mariabofill.com\\\/ca\\\/curriculum-vitae\\\/#breadcrumb\",\"itemListElement\":[{\"@type\":\"ListItem\",\"position\":1,\"name\":\"Home\",\"item\":\"http:\\\/\\\/fins2015.mariabofill.com\\\/ca\\\/\"},{\"@type\":\"ListItem\",\"position\":2,\"name\":\"Curr\u00edculum Vitae\"}]},{\"@type\":\"WebSite\",\"@id\":\"http:\\\/\\\/fins2015.mariabofill.com\\\/ca\\\/#website\",\"url\":\"http:\\\/\\\/fins2015.mariabofill.com\\\/ca\\\/\",\"name\":\"maria bofill\",\"description\":\"Ceramista i Artista\",\"potentialAction\":[{\"@type\":\"SearchAction\",\"target\":{\"@type\":\"EntryPoint\",\"urlTemplate\":\"http:\\\/\\\/fins2015.mariabofill.com\\\/ca\\\/?s={search_term_string}\"},\"query-input\":{\"@type\":\"PropertyValueSpecification\",\"valueRequired\":true,\"valueName\":\"search_term_string\"}}],\"inLanguage\":\"ca-ES\"}]}<\/script>\n<!-- \/ Yoast SEO plugin. -->","yoast_head_json":{"title":"Maria Bofill - Curr\u00edculum Vitae - Exposicions i Invitacions","description":"Una versi\u00f3 curta de Curr\u00edculum Vitae de Maria que mostra nom\u00e9s els esdeveniments importants en la seva carrera. aniversari, estudis i exposicions.","robots":{"index":"index","follow":"follow","max-snippet":"max-snippet:-1","max-image-preview":"max-image-preview:large","max-video-preview":"max-video-preview:-1"},"canonical":"http:\/\/fins2015.mariabofill.com\/ca\/curriculum-vitae\/","og_locale":"ca_ES","og_type":"article","og_title":"Maria Bofill - Curr\u00edculum Vitae - Exposicions i Invitacions","og_description":"Una versi\u00f3 curta de Curr\u00edculum Vitae de Maria que mostra nom\u00e9s els esdeveniments importants en la seva carrera. aniversari, estudis i exposicions.","og_url":"http:\/\/fins2015.mariabofill.com\/ca\/curriculum-vitae\/","og_site_name":"maria bofill","article_modified_time":"2015-01-05T10:12:36+00:00","twitter_misc":{"Est. reading time":"1 minute"},"schema":{"@context":"https:\/\/schema.org","@graph":[{"@type":"WebPage","@id":"http:\/\/fins2015.mariabofill.com\/ca\/curriculum-vitae\/","url":"http:\/\/fins2015.mariabofill.com\/ca\/curriculum-vitae\/","name":"Maria Bofill - Curr\u00edculum Vitae - Exposicions i Invitacions","isPartOf":{"@id":"http:\/\/fins2015.mariabofill.com\/ca\/#website"},"datePublished":"2015-01-03T08:30:48+00:00","dateModified":"2015-01-05T10:12:36+00:00","description":"Una versi\u00f3 curta de Curr\u00edculum Vitae de Maria que mostra nom\u00e9s els esdeveniments importants en la seva carrera. aniversari, estudis i exposicions.","breadcrumb":{"@id":"http:\/\/fins2015.mariabofill.com\/ca\/curriculum-vitae\/#breadcrumb"},"inLanguage":"ca-ES","potentialAction":[{"@type":"ReadAction","target":["http:\/\/fins2015.mariabofill.com\/ca\/curriculum-vitae\/"]}]},{"@type":"BreadcrumbList","@id":"http:\/\/fins2015.mariabofill.com\/ca\/curriculum-vitae\/#breadcrumb","itemListElement":[{"@type":"ListItem","position":1,"name":"Home","item":"http:\/\/fins2015.mariabofill.com\/ca\/"},{"@type":"ListItem","position":2,"name":"Curr\u00edculum Vitae"}]},{"@type":"WebSite","@id":"http:\/\/fins2015.mariabofill.com\/ca\/#website","url":"http:\/\/fins2015.mariabofill.com\/ca\/","name":"maria bofill","description":"Ceramista i Artista","potentialAction":[{"@type":"SearchAction","target":{"@type":"EntryPoint","urlTemplate":"http:\/\/fins2015.mariabofill.com\/ca\/?s={search_term_string}"},"query-input":{"@type":"PropertyValueSpecification","valueRequired":true,"valueName":"search_term_string"}}],"inLanguage":"ca-ES"}]}},"_links":{"self":[{"href":"http:\/\/fins2015.mariabofill.com\/ca\/wp-json\/wp\/v2\/pages\/32","targetHints":{"allow":["GET"]}}],"collection":[{"href":"http:\/\/fins2015.mariabofill.com\/ca\/wp-json\/wp\/v2\/pages"}],"about":[{"href":"http:\/\/fins2015.mariabofill.com\/ca\/wp-json\/wp\/v2\/types\/page"}],"author":[{"embeddable":true,"href":"http:\/\/fins2015.mariabofill.com\/ca\/wp-json\/wp\/v2\/users\/1"}],"replies":[{"embeddable":true,"href":"http:\/\/fins2015.mariabofill.com\/ca\/wp-json\/wp\/v2\/comments?post=32"}],"version-history":[{"count":7,"href":"http:\/\/fins2015.mariabofill.com\/ca\/wp-json\/wp\/v2\/pages\/32\/revisions"}],"predecessor-version":[{"id":51,"href":"http:\/\/fins2015.mariabofill.com\/ca\/wp-json\/wp\/v2\/pages\/32\/revisions\/51"}],"wp:attachment":[{"href":"http:\/\/fins2015.mariabofill.com\/ca\/wp-json\/wp\/v2\/media?parent=32"}],"curies":[{"name":"wp","href":"https:\/\/api.w.org\/{rel}","templated":true}]}}

Currículum Vitae

<p>MARIA BOFILL</p>
<p>&nbsp;</p>
<p>Va néixer 6 maig 1937</p>
<p>&nbsp;</p>
<p>Estudis</p>
<p>&nbsp;</p>
<p>1953 &#8211; 1960 Escola Massana, Barcelona, 1962 Hammersmith College of Art and Building,Londres, 1967Sunderland Polytechnic of Art and Design, Sunderland, Regne Unit; Kyoto City University of Arts, Japó;</p>
<p>&nbsp;</p>
<p>1981 Membre de l&#8217;Acadèmia Internacional de la Ceràmica, Ginebra.</p>
<p>&nbsp;</p>
<p>Activitats Professionals</p>
<p>&nbsp;</p>
<p>1965 &#8211; 2002 Professora de ceràmica a l&#8217;Escola Massana, Barcelona, 1976 &#8211; 1977 Professora convidat de ceràmica a la Facultad de Artes Plásticas, Universidad Veracruzana, Xalapa, México;1979 Professor visitant,spirng course, Hartwich College, Oneonta, NY;1992Profesora invitada, summer course, Haifa University, Israel.</p>
<p>&nbsp;</p>
<p>Convidada Ceramista</p>
<p>&nbsp;</p>
<p>1980 International Ceramic Symposium, Bechyñe, Rp. Checa.</p>
<p>1989 2 ª Triennal de la Porcelaine, Nyon, Suïssa,</p>
<p>1994<span>European</span>Ceramic WorkCentre Hertogenbosch, Països Baixos,</p>
<p>1997 AtelierCéramique de Artistique Méditerranéenne, Hamamet, Tunísia,</p>
<p>Seminario de Estudios de Sargadelos, Lugo,International Ceramic Simposium Siklos, Hungria.</p>
<p>&nbsp;</p>
<p>Exposicions individuals i col · lectives</p>
<p>&nbsp;</p>
<p>Des de 1962 a Espanya (Barcelona, Tarragona, Girona, Madrid, València, Sevilla, Las Palmas, Saragossa, Logronyo, etc &#8230;) i internacionals (França, Japó, Bèlgica, Corea, EUA, Itàlia, Portugal, Mèxic, Suïssa, Alemanya, etc &#8230;)</p>
<p>&nbsp;</p>
<p>Beques</p>
<p>&nbsp;</p>
<p>1966 Beca de la Diputació de Barcelona, estudis a Anglaterra, 1969</p>
<p>Beques d&#8217;Art de Dotació d&#8217;Art Castellblanc per la Universitat de Belles Arts, Kyoto, Japó,</p>
<p>1982 Beca de recerca de la Generalitat de Catalunya, 1987 Beca de viatge al Japó Generalitat de Catalunya.</p>
<p>&nbsp;</p>
<p>Les seves obres es troben en col · leccions privades i museus nacionals com internacionals.</p>
<p>&nbsp;</p>
<p>Des de 1980 en què s&#8217;ha especialitzat en porcellana.</p>

<p>MARIA BOFILL &nbsp; Va néixer 6 maig 1937 &nbsp; Estudis &nbsp; 1953 &#8211; 1960 Escola Massana, Barcelona, 1962 Hammersmith College of Art and Building,Londres, 1967Sunderland Polytechnic of Art and Design, Sunderland, Regne Unit; Kyoto City University of Arts, Japó; &nbsp;</p>

<!-- This site is optimized with the Yoast SEO plugin v27.5 - https://yoast.com/product/yoast-seo-wordpress/ -->
<title>Maria Bofill - Currículum Vitae - Exposicions i Invitacions</title>
<meta name="description" content="Una versió curta de Currículum Vitae de Maria que mostra només els esdeveniments importants en la seva carrera. aniversari, estudis i exposicions." />
<meta name="robots" content="index, follow, max-snippet:-1, max-image-preview:large, max-video-preview:-1" />
<link rel="canonical" href="http://fins2015.mariabofill.com/ca/curriculum-vitae/" />
<meta property="og:locale" content="ca_ES" />
<meta property="og:type" content="article" />
<meta property="og:title" content="Maria Bofill - Currículum Vitae - Exposicions i Invitacions" />
<meta property="og:description" content="Una versió curta de Currículum Vitae de Maria que mostra només els esdeveniments importants en la seva carrera. aniversari, estudis i exposicions." />
<meta property="og:url" content="http://fins2015.mariabofill.com/ca/curriculum-vitae/" />
<meta property="og:site_name" content="maria bofill" />
<meta property="article:modified_time" content="2015-01-05T10:12:36+00:00" />
<meta name="twitter:label1" content="Est. reading time" />
	<meta name="twitter:data1" content="1 minute" />
<script type="application/ld+json" class="yoast-schema-graph">{"@context":"https:\/\/schema.org","@graph":[{"@type":"WebPage","@id":"http:\/\/fins2015.mariabofill.com\/ca\/curriculum-vitae\/","url":"http:\/\/fins2015.mariabofill.com\/ca\/curriculum-vitae\/","name":"Maria Bofill - Currículum Vitae - Exposicions i Invitacions","isPartOf":{"@id":"http:\/\/fins2015.mariabofill.com\/ca\/#website"},"datePublished":"2015-01-03T08:30:48+00:00","dateModified":"2015-01-05T10:12:36+00:00","description":"Una versió curta de Currículum Vitae de Maria que mostra només els esdeveniments importants en la seva carrera. aniversari, estudis i exposicions.","breadcrumb":{"@id":"http:\/\/fins2015.mariabofill.com\/ca\/curriculum-vitae\/#breadcrumb"},"inLanguage":"ca-ES","potentialAction":[{"@type":"ReadAction","target":["http:\/\/fins2015.mariabofill.com\/ca\/curriculum-vitae\/"]}]},{"@type":"BreadcrumbList","@id":"http:\/\/fins2015.mariabofill.com\/ca\/curriculum-vitae\/#breadcrumb","itemListElement":[{"@type":"ListItem","position":1,"name":"Home","item":"http:\/\/fins2015.mariabofill.com\/ca\/"},{"@type":"ListItem","position":2,"name":"Currículum Vitae"}]},{"@type":"WebSite","@id":"http:\/\/fins2015.mariabofill.com\/ca\/#website","url":"http:\/\/fins2015.mariabofill.com\/ca\/","name":"maria bofill","description":"Ceramista i Artista","potentialAction":[{"@type":"SearchAction","target":{"@type":"EntryPoint","urlTemplate":"http:\/\/fins2015.mariabofill.com\/ca\/?s={search_term_string}"},"query-input":{"@type":"PropertyValueSpecification","valueRequired":true,"valueName":"search_term_string"}}],"inLanguage":"ca-ES"}]}</script>
<!-- / Yoast SEO plugin. -->

Maria Bofill - Currículum Vitae - Exposicions i Invitacions

Una versió curta de Currículum Vitae de Maria que mostra només els esdeveniments importants en la seva carrera. aniversari, estudis i exposicions.
