{"id":30,"date":"2015-01-03T09:10:51","date_gmt":"2015-01-03T08:10:51","guid":{"rendered":"http:\/\/mariabofill.com\/ca\/?page_id=30"},"modified":"2015-01-05T11:17:46","modified_gmt":"2015-01-05T10:17:46","slug":"exposicions","status":"publish","type":"page","link":"http:\/\/fins2015.mariabofill.com\/ca\/exposicions\/","title":{"rendered":"Exposicions"},"content":{"rendered":"","protected":false},"excerpt":{"rendered":"","protected":false},"author":1,"featured_media":0,"parent":0,"menu_order":0,"comment_status":"closed","ping_status":"open","template":"","meta":{"footnotes":""},"class_list":["post-30","page","type-page","status-publish","hentry"],"yoast_head":"<!-- This site is optimized with the Yoast SEO plugin v27.5 - https:\/\/yoast.com\/product\/yoast-seo-wordpress\/ -->\n<title>Maria Bofill - Exposicions<\/title>\n<meta name=\"description\" content=\"Aqu\u00ed \u00e9s on el tot nou, i ve, es publicaran futures exposicions, els \u00faltims de vegades es pot trobar aqu\u00ed tamb\u00e9.\" \/>\n<meta name=\"robots\" content=\"index, follow, max-snippet:-1, max-image-preview:large, max-video-preview:-1\" \/>\n<link rel=\"canonical\" href=\"http:\/\/fins2015.mariabofill.com\/ca\/exposicions\/\" \/>\n<meta property=\"og:locale\" content=\"ca_ES\" \/>\n<meta property=\"og:type\" content=\"article\" \/>\n<meta property=\"og:title\" content=\"Maria Bofill - Exposicions\" \/>\n<meta property=\"og:description\" content=\"Aqu\u00ed \u00e9s on el tot nou, i ve, es publicaran futures exposicions, els \u00faltims de vegades es pot trobar aqu\u00ed tamb\u00e9.\" \/>\n<meta property=\"og:url\" content=\"http:\/\/fins2015.mariabofill.com\/ca\/exposicions\/\" \/>\n<meta property=\"og:site_name\" content=\"maria bofill\" \/>\n<meta property=\"article:modified_time\" content=\"2015-01-05T10:17:46+00:00\" \/>\n<script type=\"application\/ld+json\" class=\"yoast-schema-graph\">{\"@context\":\"https:\\\/\\\/schema.org\",\"@graph\":[{\"@type\":\"WebPage\",\"@id\":\"http:\\\/\\\/fins2015.mariabofill.com\\\/ca\\\/exposicions\\\/\",\"url\":\"http:\\\/\\\/fins2015.mariabofill.com\\\/ca\\\/exposicions\\\/\",\"name\":\"Maria Bofill - Exposicions\",\"isPartOf\":{\"@id\":\"http:\\\/\\\/fins2015.mariabofill.com\\\/ca\\\/#website\"},\"datePublished\":\"2015-01-03T08:10:51+00:00\",\"dateModified\":\"2015-01-05T10:17:46+00:00\",\"description\":\"Aqu\u00ed \u00e9s on el tot nou, i ve, es publicaran futures exposicions, els \u00faltims de vegades es pot trobar aqu\u00ed tamb\u00e9.\",\"breadcrumb\":{\"@id\":\"http:\\\/\\\/fins2015.mariabofill.com\\\/ca\\\/exposicions\\\/#breadcrumb\"},\"inLanguage\":\"ca-ES\",\"potentialAction\":[{\"@type\":\"ReadAction\",\"target\":[\"http:\\\/\\\/fins2015.mariabofill.com\\\/ca\\\/exposicions\\\/\"]}]},{\"@type\":\"BreadcrumbList\",\"@id\":\"http:\\\/\\\/fins2015.mariabofill.com\\\/ca\\\/exposicions\\\/#breadcrumb\",\"itemListElement\":[{\"@type\":\"ListItem\",\"position\":1,\"name\":\"Home\",\"item\":\"http:\\\/\\\/fins2015.mariabofill.com\\\/ca\\\/\"},{\"@type\":\"ListItem\",\"position\":2,\"name\":\"Exposicions\"}]},{\"@type\":\"WebSite\",\"@id\":\"http:\\\/\\\/fins2015.mariabofill.com\\\/ca\\\/#website\",\"url\":\"http:\\\/\\\/fins2015.mariabofill.com\\\/ca\\\/\",\"name\":\"maria bofill\",\"description\":\"Ceramista i Artista\",\"potentialAction\":[{\"@type\":\"SearchAction\",\"target\":{\"@type\":\"EntryPoint\",\"urlTemplate\":\"http:\\\/\\\/fins2015.mariabofill.com\\\/ca\\\/?s={search_term_string}\"},\"query-input\":{\"@type\":\"PropertyValueSpecification\",\"valueRequired\":true,\"valueName\":\"search_term_string\"}}],\"inLanguage\":\"ca-ES\"}]}<\/script>\n<!-- \/ Yoast SEO plugin. -->","yoast_head_json":{"title":"Maria Bofill - Exposicions","description":"Aqu\u00ed \u00e9s on el tot nou, i ve, es publicaran futures exposicions, els \u00faltims de vegades es pot trobar aqu\u00ed tamb\u00e9.","robots":{"index":"index","follow":"follow","max-snippet":"max-snippet:-1","max-image-preview":"max-image-preview:large","max-video-preview":"max-video-preview:-1"},"canonical":"http:\/\/fins2015.mariabofill.com\/ca\/exposicions\/","og_locale":"ca_ES","og_type":"article","og_title":"Maria Bofill - Exposicions","og_description":"Aqu\u00ed \u00e9s on el tot nou, i ve, es publicaran futures exposicions, els \u00faltims de vegades es pot trobar aqu\u00ed tamb\u00e9.","og_url":"http:\/\/fins2015.mariabofill.com\/ca\/exposicions\/","og_site_name":"maria bofill","article_modified_time":"2015-01-05T10:17:46+00:00","schema":{"@context":"https:\/\/schema.org","@graph":[{"@type":"WebPage","@id":"http:\/\/fins2015.mariabofill.com\/ca\/exposicions\/","url":"http:\/\/fins2015.mariabofill.com\/ca\/exposicions\/","name":"Maria Bofill - Exposicions","isPartOf":{"@id":"http:\/\/fins2015.mariabofill.com\/ca\/#website"},"datePublished":"2015-01-03T08:10:51+00:00","dateModified":"2015-01-05T10:17:46+00:00","description":"Aqu\u00ed \u00e9s on el tot nou, i ve, es publicaran futures exposicions, els \u00faltims de vegades es pot trobar aqu\u00ed tamb\u00e9.","breadcrumb":{"@id":"http:\/\/fins2015.mariabofill.com\/ca\/exposicions\/#breadcrumb"},"inLanguage":"ca-ES","potentialAction":[{"@type":"ReadAction","target":["http:\/\/fins2015.mariabofill.com\/ca\/exposicions\/"]}]},{"@type":"BreadcrumbList","@id":"http:\/\/fins2015.mariabofill.com\/ca\/exposicions\/#breadcrumb","itemListElement":[{"@type":"ListItem","position":1,"name":"Home","item":"http:\/\/fins2015.mariabofill.com\/ca\/"},{"@type":"ListItem","position":2,"name":"Exposicions"}]},{"@type":"WebSite","@id":"http:\/\/fins2015.mariabofill.com\/ca\/#website","url":"http:\/\/fins2015.mariabofill.com\/ca\/","name":"maria bofill","description":"Ceramista i Artista","potentialAction":[{"@type":"SearchAction","target":{"@type":"EntryPoint","urlTemplate":"http:\/\/fins2015.mariabofill.com\/ca\/?s={search_term_string}"},"query-input":{"@type":"PropertyValueSpecification","valueRequired":true,"valueName":"search_term_string"}}],"inLanguage":"ca-ES"}]}},"_links":{"self":[{"href":"http:\/\/fins2015.mariabofill.com\/ca\/wp-json\/wp\/v2\/pages\/30","targetHints":{"allow":["GET"]}}],"collection":[{"href":"http:\/\/fins2015.mariabofill.com\/ca\/wp-json\/wp\/v2\/pages"}],"about":[{"href":"http:\/\/fins2015.mariabofill.com\/ca\/wp-json\/wp\/v2\/types\/page"}],"author":[{"embeddable":true,"href":"http:\/\/fins2015.mariabofill.com\/ca\/wp-json\/wp\/v2\/users\/1"}],"replies":[{"embeddable":true,"href":"http:\/\/fins2015.mariabofill.com\/ca\/wp-json\/wp\/v2\/comments?post=30"}],"version-history":[{"count":1,"href":"http:\/\/fins2015.mariabofill.com\/ca\/wp-json\/wp\/v2\/pages\/30\/revisions"}],"predecessor-version":[{"id":31,"href":"http:\/\/fins2015.mariabofill.com\/ca\/wp-json\/wp\/v2\/pages\/30\/revisions\/31"}],"wp:attachment":[{"href":"http:\/\/fins2015.mariabofill.com\/ca\/wp-json\/wp\/v2\/media?parent=30"}],"curies":[{"name":"wp","href":"https:\/\/api.w.org\/{rel}","templated":true}]}}

<!-- This site is optimized with the Yoast SEO plugin v27.5 - https://yoast.com/product/yoast-seo-wordpress/ -->
<title>Maria Bofill - Exposicions</title>
<meta name="description" content="Aquí és on el tot nou, i ve, es publicaran futures exposicions, els últims de vegades es pot trobar aquí també." />
<meta name="robots" content="index, follow, max-snippet:-1, max-image-preview:large, max-video-preview:-1" />
<link rel="canonical" href="http://fins2015.mariabofill.com/ca/exposicions/" />
<meta property="og:locale" content="ca_ES" />
<meta property="og:type" content="article" />
<meta property="og:title" content="Maria Bofill - Exposicions" />
<meta property="og:description" content="Aquí és on el tot nou, i ve, es publicaran futures exposicions, els últims de vegades es pot trobar aquí també." />
<meta property="og:url" content="http://fins2015.mariabofill.com/ca/exposicions/" />
<meta property="og:site_name" content="maria bofill" />
<meta property="article:modified_time" content="2015-01-05T10:17:46+00:00" />
<script type="application/ld+json" class="yoast-schema-graph">{"@context":"https:\/\/schema.org","@graph":[{"@type":"WebPage","@id":"http:\/\/fins2015.mariabofill.com\/ca\/exposicions\/","url":"http:\/\/fins2015.mariabofill.com\/ca\/exposicions\/","name":"Maria Bofill - Exposicions","isPartOf":{"@id":"http:\/\/fins2015.mariabofill.com\/ca\/#website"},"datePublished":"2015-01-03T08:10:51+00:00","dateModified":"2015-01-05T10:17:46+00:00","description":"Aquí és on el tot nou, i ve, es publicaran futures exposicions, els últims de vegades es pot trobar aquí també.","breadcrumb":{"@id":"http:\/\/fins2015.mariabofill.com\/ca\/exposicions\/#breadcrumb"},"inLanguage":"ca-ES","potentialAction":[{"@type":"ReadAction","target":["http:\/\/fins2015.mariabofill.com\/ca\/exposicions\/"]}]},{"@type":"BreadcrumbList","@id":"http:\/\/fins2015.mariabofill.com\/ca\/exposicions\/#breadcrumb","itemListElement":[{"@type":"ListItem","position":1,"name":"Home","item":"http:\/\/fins2015.mariabofill.com\/ca\/"},{"@type":"ListItem","position":2,"name":"Exposicions"}]},{"@type":"WebSite","@id":"http:\/\/fins2015.mariabofill.com\/ca\/#website","url":"http:\/\/fins2015.mariabofill.com\/ca\/","name":"maria bofill","description":"Ceramista i Artista","potentialAction":[{"@type":"SearchAction","target":{"@type":"EntryPoint","urlTemplate":"http:\/\/fins2015.mariabofill.com\/ca\/?s={search_term_string}"},"query-input":{"@type":"PropertyValueSpecification","valueRequired":true,"valueName":"search_term_string"}}],"inLanguage":"ca-ES"}]}</script>
<!-- / Yoast SEO plugin. -->

Aquí és on el tot nou, i ve, es publicaran futures exposicions, els últims de vegades es pot trobar aquí també.
